16, what is -12f8 + 306?
-ff2
In base 11, what is -3 - 54523564?
-54523567
In base 12, what is -3 + 268370b?
2683708
In base 8, what is 12026525 - -7?
12026534
In base 8, what is 76520267 - -1?
76520270
In base 8, what is -344525 + 351?
-344154
In base 2, what is -111000 + 1001000111111010100?
1001000111110011100
In base 15, what is 730 - -30a7?
37d7
In base 15, what is 12245d - 3b?
122422
In base 10, what is -2276 + -20276?
-22552
In base 10, what is 1547192 + -13?
1547179
In base 9, what is -81864 - -420?
-81444
In base 15, what is 7 - -5003779?
5003781
In base 16, what is -e + -419ea?
-419f8
In base 4, what is -20220 - -210102?
123222
In base 3, what is -12120122 + 11001000?
-1112122
In base 9, what is -267244 - -273?
-266861
In base 8, what is 10415 + -6000?
2415
In base 9, what is 731126 - 10?
731116
In base 16, what is -2fb517 + -3?
-2fb51a
In base 8, what is -717746 - 42?
-720010
In base 14, what is 6 - -2201491?
2201497
In base 6, what is 41234 + 1112334?
1154012
In base 8, what is 250 - 112051?
-111601
In base 7, what is 556 + -3366051?
-3365162
In base 5, what is -2022 + -32010022?
-32012044
In base 6, what is -3 - -15500043154?
15500043151
In base 11, what is 2474 - -45a5?
6a69
In base 14, what is 52 + -8b8a6?
-8b854
In base 7, what is 6 - 552413002?
-552412663
In base 9, what is 1231708 - 2?
1231706
In base 14, what is 658 - -36458?
36ab2
In base 15, what is 2 + -79c3e?
-79c3c
In base 7, what is -6 + 20016255?
20016246
In base 8, what is -327 + 5642670?
5642341
In base 2, what is 111111001111 - 111101000001?
10001110
In base 15, what is 8bad95 - -8?
8bad9d
In base 5, what is -1332141 - 121?
-1332312
In base 11, what is 11 + -1874a12?
-1874a01
In base 8, what is -77070 - -2730?
-74140
In base 7, what is 1016601 + 12?
1016613
In base 9, what is 120 + 45637?
45757
In base 8, what is 76 - 157132?
-157034
In base 7, what is -411 + -434204?
-434615
In base 14, what is -763bb9 + 33?
-763b86
In base 5, what is -233442301033 + 2?
-233442301031
In base 15, what is -5195 - 1597?
-673c
In base 9, what is 76674 + -8882?
66682
In base 9, what is -425511 - 74?
-425585
In base 4, what is 323130101003 + -12?
323130100331
In base 15, what is -21d9 + -90bb?
-b2a5
In base 9, what is -30842 + 21558?
-8273
In base 3, what is -20122010222102011 - -12?
-20122010222101222
In base 15, what is 4 + 633597a?
633597e
In base 15, what is a689b + -5d?
a683d
In base 6, what is 3355 - -1234000?
1241355
In base 15, what is -1b6454 + 4?
-1b6450
In base 16, what is 26440b5 - 3?
26440b2
In base 11, what is -169 + -61?
-21a
In base 14, what is 56 - 68bc8?
-68b72
In base 16, what is -558890b - 4?
-558890f
In base 13, what is a31931 + -4?
a3192a
In base 12, what is -43a40 + -310?
-44150
In base 5, what is -103 - 311120120?
-311120223
In base 5, what is 2 - 403013304?
-403013302
In base 2, what is -10010011100011100101001010 - -11?
-10010011100011100101000111
In base 4, what is -10 + -1321313033232?
-1321313033302
In base 16, what is -3e7295d + -1?
-3e7295e
In base 4, what is 2 + 23221322132?
23221322200
In base 7, what is 42 + -11014562?
-11014520
In base 4, what is -3303310132230 - 11?
-3303310132301
In base 14, what is 550d7 + 1c?
55115
In base 2, what is 100110001100110111010 - -11?
100110001100110111101
In base 7, what is 5 + 1020433333?
1020433341
In base 11, what is -453 - -566a?
5217
In base 5, what is 3222 - -11421434?
11430211
In base 2, what is 1011000100110000110 + -110000111?
1011000011111111111
In base 16, what is -1cb + -20fc1?
-2118c
In base 16, what is -717 + 6b07?
63f0
In base 7, what is 3106 + -5640106?
-5634000
In base 15, what is -16 - -45ebda?
45ebc4
In base 4, what is -10303020 - -3333?
-10233021
In base 7, what is 4 + 314366165?
314366202
In base 15, what is -138 - 15e973?
-15eaab
In base 6, what is -144505250415 - 1?
-144505250420
In base 15, what is -be8 + -4?
-bec
In base 9, what is -61680748 + 3?
-61680745
In base 5, what is 424220 - -14322?
444042
In base 14, what is -22771d - 9c?
-2277bb
In base 2, what is 1000110001111101110 + 1010010111001?
1000111100010100111
In base 16, what is -423b1 - -12?
-4239f
In base 15, what is -283d72 - 4e?
-283dc1
In base 5, what is 3 - -113441001?
113441004
In base 8, what is -44 + 51377144?
51377100
In base 14, what is -45 + 1241a?
123b5
In base 13, what is -349ba04 - 2?
-349ba06
In base 6, what is -4134 + 105024?
100450
In base 6, what is 150131 - 2011?
144120
In base 13, what is 16a + 331b?
3488
In base 7, what is -244 + 322600?
322323
In base 9, what is -475 + -21634?
-22220
In base 2, what is 111 + -11000010100001100001?
-11000010100001011010
In base 3, what is -10110201210021201 + 2?
-10110201210021122
In base 4, what is 1332033 - 10001222?
-2003123
In base 12, what is 67b7 - -17211?
21a08
In base 7, what is -340224324 + -10?
-340224334
In base 8, what is 5 + 234762763?
234762770
In base 4, what is -300002 - 3200012?
-10100020
In base 16, what is f9e0 - -55?
fa35
In base 16, what is 3b35 + -356?
37df
In base 13, what is 6 + 16ba102?
16ba108
In base 3, what is 1010110 - -20200102012?
20201112122
In base 4, what is -3311331 - -310211?
-3001120
In base 11, what is 1 - 4690?
-468a
In base 14, what is 2 - 6cd013?
-6cd011
In base 8, what is 2 - 110641152?
-110641150
In base 4, what is 2 - 10312132010?
-10312132002
In base 5, what is 3341123 + 210?
3341333
In base 9, what is -2 - -167637846?
167637844
In base 3, what is 2201 + 1201200210121?
1201200220022
In base 13, what is 7972 + 936?
85a8
In base 15, what is 30 - 8b00?
-8ac0
In base 6, what is 0 + 1324424242?
1324424242
In base 7, what is 3 - 613533643?
-613533640
In base 4, what is 10233 + -3112022?
-3101123
In base 13, what is 1900 + 1103?
2a03
In base 3, what is 101221110 + 22111220?
201110100
In base 15, what is -19174 + -1b7?
-1933b
In base 13, what is c8 - -899668?
899763
In base 7, what is -3 + -2611652?
-2611655
In base 15, what is -4e7c7 - -186?
-4e641
In base 11, what is -4 - -1250194?
1250190
In base 2, what is -111001 - 101110011011001110?
-101110011100000111
In base 11, what is 2a3377 + 28?
2a33a4
In base 15, what is 2dab56 - -43?
2dab99
In base 9, what is -43833 - -207?
-43625
In base 2, what is -1100101001011000001001 - -10100001?
-1100101001010101101000
In base 5, what is -240300 - -1411?
-233334
In base 8, what is 460 - 24531?
-24051
In base 6, what is 42 - 11035534?
-11035452
In base 9, what is 383720 + 328?
384148
In base 13, what is -15728 - 458a?
-19cb5
In base 10, what is 12517917 - -7?
12517924
In base 3, what is 0 + 221112101021?
221112101021
In base 8, what is -100 - -141205?
141105
In base 8, what is 2 + -627624?
-627622
In base 11, what is -443 - -48351?
47a09
In base 6, what is 2 - -14330423411?
14330423413
In base 5, what is -41144 - 411132?
-1002331
In base 15, what is -8b60911 + -10?
-8b60921
In base 5, what is 110001424 - -42?
110002021
In base 4, what is 11310 + 21320033113?
21320111023
In base 13, what is 4b8600c - -5?
4b86014
In base 16, what is 428bd2 - f?
428bc3
In base 14, what is -47 - 25a3a?
-25a83
In base 10, what is 6225 - -34?
6259
In base 4, what is 103 + 303011200?
303011303
In base 14, what is 2312 + -52d?
1bc3
In base 10, what is 43 + -18138?
-18095
In base 9, what is -1 - 14674152?
-14674153
In base 11, what is 1055 + 193a1?
1a446
In base 5, what is 22130 - -1114411?
1142041
In base 5, what is -302034421411 + 3?
-302034421403
In base 6, what is 23 - -2535125544?
2535130011
In base 8, what is -263 - 130210?
-130473
In base 5, what is -2102 - -2201441?
2144334
In base 3, what is -100012221221000 - -1?
-100012221220222
In base 5, what is 200 + 303233300?
303234000
In base 6, what is -2450354104 - -10?
-2450354054
In base 8, what is 5 + -2151277?
-2151272
In base 9, what is -3 + 22675368?
22675365
In base 9, what is 60 + -1216145?
-1216075
In base 16, what is 6f12af + 5?
6f12b4
In base 8, what is -1561523 + -23?
-1561546
In base 9, what is -1 + -7360461?
-7360462
In base 3, what is -1200202201 + 1202?
-1200200222
In base 11, what is -456187 - -1a?
-456168
In base 6, what is -12052350 - -534?
-12051412
In base 16, what is a2 - -48f2ef?
48f391
In base 7, what is 1463 + 310542?
312335
In base 3, what is 20020220222 - 112022?
20020101200
In base 2, what is -1010 + 1101110110011011010111110?
1101110110011011010110100
